{"id":858,"date":"2019-03-12T20:27:01","date_gmt":"2019-03-12T19:27:01","guid":{"rendered":"https:\/\/anche.website\/?page_id=858"},"modified":"2019-03-12T20:27:01","modified_gmt":"2019-03-12T19:27:01","slug":"dechets","status":"publish","type":"page","link":"https:\/\/vuarnesson.ovh\/?page_id=858","title":{"rendered":"D\u00e9chets"},"content":{"rendered":"\n<h2 class=\"wp-block-heading\">Collecte des ordures m\u00e9nag\u00e8res et tri s\u00e9lectif<\/h2>\n\n\n<div class=\"wp-block-image\">\n<figure class=\"alignleft is-resized\"><img loading=\"lazy\" decoding=\"async\" width=\"591\" height=\"400\" src=\"https:\/\/vuarnesson.ovh\/wp-content\/uploads\/2019\/06\/DSC04519_ret.jpg\" alt=\"\" class=\"wp-image-2772\" style=\"width:228px;height:154px\" srcset=\"https:\/\/vuarnesson.ovh\/wp-content\/uploads\/2019\/06\/DSC04519_ret.jpg 591w, https:\/\/vuarnesson.ovh\/wp-content\/uploads\/2019\/06\/DSC04519_ret-300x203.jpg 300w\" sizes=\"auto, (max-width: 591px) 100vw, 591px\" \/><\/figure>\n<\/div>\n\n\n<p>Le SIMER assure la collecte des ordures m\u00e9nag\u00e8res et la collecte du tri s\u00e9lectif.<br>Pour toute question s\u2019y rapportant, contactez-les. Plus d&rsquo;infos sur <a href=\"https:\/\/www.simer86.fr\/\" target=\"_blank\" rel=\"noreferrer noopener\">leur site<\/a>.<\/p>\n\n\n\n<p><a href=\"https:\/\/www.simer86.fr\/actualites\/calendrier-de-collecte-2026\" target=\"_blank\" rel=\"noreferrer noopener\">Acc\u00e9der aux jours de collecte 2025.<\/a><br><a href=\"https:\/\/vuarnesson.ovh\/wp-content\/uploads\/2022\/09\/SIMER-tri1.jpg\" target=\"_blank\" rel=\"noreferrer noopener\">&gt;&gt; \u00e0 trier dans le sac jaune<\/a><br><a href=\"https:\/\/vuarnesson.ovh\/wp-content\/uploads\/2020\/06\/tri_immeuble_4flux.pdf\" target=\"_blank\" rel=\"noreferrer noopener\">&gt;&gt; consignes de tri<\/a><\/p>\n\n\n\n<h2 class=\"wp-block-heading\">D\u00e9chetterie<\/h2>\n\n\n\n<h4 class=\"wp-block-heading\"><a rel=\"noreferrer noopener\" href=\"https:\/\/www.simer86.fr\/gestion-des-dechets\/les-decheteries\" target=\"_blank\">D\u00e9chetterie de Couh\u00e9 &#8211; Valence-en-Poitou<\/a><\/h4>\n\n\n\n<p><em>ATTENTION, le lien ci-dessus ouvre sur les horaires de la d\u00e9chetterie d&rsquo;Availles Limousine. Faites d\u00e9filer la page vers le bas pour choisir votre d\u00e9chetterie.<\/em><\/p>\n\n\n\n<p>Pour aller \u00e0 la d\u00e9chetterie, il vous faut une carte. Si vous n&rsquo;en avez pas encore, faites en la demande. Toutes les informations \u00e0 <a href=\"https:\/\/www.simer86.fr\/gestion-des-dechets\/pass-dechets\" target=\"_blank\" rel=\"noreferrer noopener\">ce lien<\/a>.<\/p>\n\n\n\n<h2 class=\"wp-block-heading\">D\u00e9p\u00f4t de verre<\/h2>\n\n\n<div class=\"wp-block-image\">\n<figure class=\"alignleft is-resized\"><img loading=\"lazy\" decoding=\"async\" width=\"145\" height=\"230\" src=\"https:\/\/vuarnesson.ovh\/wp-content\/uploads\/2019\/03\/dechets_verre.jpg\" alt=\"\" class=\"wp-image-1561\" style=\"width:105px;height:167px\"\/><\/figure>\n<\/div>\n\n\n<p>Trois bennes sont \u00e0 disposition pour les bouteilles et bocaux en verre.<br>\u2022 dans le bourg, derri\u00e8re la salle des f\u00eates<br>\u2022 sur le parking du pr\u00e9 du pont<br>\u2022 \u00e0 l&rsquo;arr\u00eat de bus de Villenon<br>Merci de ne pas laisser de d\u00e9chets par terre au pied de la benne. Les bouchons et couvercles vont dans la poubelle d&rsquo;ordures m\u00e9nag\u00e8res. Les miroirs, les vitres et la vaisselle vont \u00e0 la d\u00e9chetterie.<\/p>\n\n\n\n<h2 class=\"wp-block-heading\">D\u00e9chets sur la voie publique<\/h2>\n\n\n\n<p>Nous trouvons encore trop de d\u00e9chets jet\u00e9s sur le bord des routes ou au Pr\u00e9 du Pont. Canettes de bi\u00e8res, m\u00e9gots de cigarettes, paquets de cigarettes, papier toilette,&#8230;<br>Habitants et gens de passage, soyons tous responsables et gardons notre environnement agr\u00e9able \u00e0 vivre.<br>Au Pr\u00e9 du Pont, il y a des WC ouverts \u00e0 la belle saison dans le petit chemin derri\u00e8re les jeux pour enfants. En toute saison, des WC publics sont ouverts \u00e0 c\u00f4t\u00e9 de la mairie.<\/p>\n\n\n\n<h2 class=\"wp-block-heading\">Et les d\u00e9chets qui partent dans les WC ?<\/h2>\n\n\n\n<p>Le bourg d&rsquo;Anch\u00e9 a un assainissement collectif autonome. La phyto\u00e9puration permet de nettoyer l&rsquo;eau gr\u00e2ce aux plantes et de renvoyer l&rsquo;eau propre dans le Clain. Veillons \u00e0 ne rien jeter dans les canalisations qui puisse nuire \u00e0 la sant\u00e9 de ces plantes. <\/p>\n\n\n\n<figure class=\"wp-block-image is-resized\"><img loading=\"lazy\" decoding=\"async\" width=\"886\" height=\"483\" src=\"https:\/\/vuarnesson.ovh\/wp-content\/uploads\/2019\/05\/pratique_dechets_phytoepuration.jpg\" alt=\"\" class=\"wp-image-2568\" style=\"width:601px;height:327px\" srcset=\"https:\/\/vuarnesson.ovh\/wp-content\/uploads\/2019\/05\/pratique_dechets_phytoepuration.jpg 886w, https:\/\/vuarnesson.ovh\/wp-content\/uploads\/2019\/05\/pratique_dechets_phytoepuration-300x164.jpg 300w, https:\/\/vuarnesson.ovh\/wp-content\/uploads\/2019\/05\/pratique_dechets_phytoepuration-768x419.jpg 768w\" sizes=\"auto, (max-width: 767px) 89vw, (max-width: 1000px) 54vw, (max-width: 1071px) 543px, 580px\" \/><\/figure>\n","protected":false},"excerpt":{"rendered":"<p>Collecte des ordures m\u00e9nag\u00e8res et tri s\u00e9lectif Le SIMER assure la collecte des ordures m\u00e9nag\u00e8res et la collecte du tri s\u00e9lectif.Pour toute question s\u2019y rapportant, contactez-les. Plus d&rsquo;infos sur leur &hellip; <\/p>\n<p class=\"link-more\"><a href=\"https:\/\/vuarnesson.ovh\/?page_id=858\" class=\"more-link\">Continuer la lecture<span class=\"screen-reader-text\"> de &laquo;&nbsp;D\u00e9chets&nbsp;&raquo;<\/span><\/a><\/p>\n","protected":false},"author":3,"featured_media":0,"parent":456,"menu_order":0,"comment_status":"closed","ping_status":"closed","template":"","meta":{"footnotes":""},"class_list":["post-858","page","type-page","status-publish","hentry"],"_links":{"self":[{"href":"https:\/\/vuarnesson.ovh\/index.php?rest_route=\/wp\/v2\/pages\/858","targetHints":{"allow":["GET"]}}],"collection":[{"href":"https:\/\/vuarnesson.ovh\/index.php?rest_route=\/wp\/v2\/pages"}],"about":[{"href":"https:\/\/vuarnesson.ovh\/index.php?rest_route=\/wp\/v2\/types\/page"}],"author":[{"embeddable":true,"href":"https:\/\/vuarnesson.ovh\/index.php?rest_route=\/wp\/v2\/users\/3"}],"replies":[{"embeddable":true,"href":"https:\/\/vuarnesson.ovh\/index.php?rest_route=%2Fwp%2Fv2%2Fcomments&post=858"}],"version-history":[{"count":0,"href":"https:\/\/vuarnesson.ovh\/index.php?rest_route=\/wp\/v2\/pages\/858\/revisions"}],"up":[{"embeddable":true,"href":"https:\/\/vuarnesson.ovh\/index.php?rest_route=\/wp\/v2\/pages\/456"}],"wp:attachment":[{"href":"https:\/\/vuarnesson.ovh\/index.php?rest_route=%2Fwp%2Fv2%2Fmedia&parent=858"}],"curies":[{"name":"wp","href":"https:\/\/api.w.org\/{rel}","templated":true}]}}